{"id":60,"date":"2016-06-28T11:43:20","date_gmt":"2016-06-28T11:43:20","guid":{"rendered":"http:\/\/192.168.1.62\/vedranruzic\/?page_id=60"},"modified":"2021-02-08T21:25:41","modified_gmt":"2021-02-08T21:25:41","slug":"biografija","status":"publish","type":"page","link":"https:\/\/vedranruzic.com\/en\/biografija\/","title":{"rendered":"Biography"},"content":{"rendered":"<div id=\"pl-60\"  class=\"panel-layout\" ><div id=\"pg-60-0\"  class=\"panel-grid panel-has-style\" ><div class=\"panel-row-style panel-row-style-for-60-0\" ><div id=\"pgc-60-0-0\"  class=\"panel-grid-cell panel-grid-cell-empty\" ><\/div><div id=\"pgc-60-0-1\"  class=\"panel-grid-cell panel-grid-cell-mobile-last\" ><div id=\"panel-60-0-1-0\" class=\"so-panel widget widget_black-studio-tinymce widget_black_studio_tinymce panel-first-child panel-last-child\" data-index=\"0\" ><div class=\"textwidget\"><h4 style=\"text-align: center;\"><em>\"The goal of connecting music and painting is the result of awakening the same feelings in us when we listening to music or watching a work of art.\"<\/em><\/h4>\n<\/div><\/div><\/div><div id=\"pgc-60-0-2\"  class=\"panel-grid-cell panel-grid-cell-empty\" ><\/div><\/div><\/div><div id=\"pg-60-1\"  class=\"panel-grid panel-has-style\" ><div class=\"siteorigin-panels-stretch panel-row-style panel-row-style-for-60-1\" data-stretch-type=\"full\" ><div id=\"pgc-60-1-0\"  class=\"panel-grid-cell\" ><div id=\"panel-60-1-0-0\" class=\"so-panel widget widget_black-studio-tinymce widget_black_studio_tinymce panel-first-child panel-last-child\" data-index=\"1\" ><div class=\"panel-widget-style panel-widget-style-for-60-1-0-0\" ><div class=\"textwidget\"><p>Vedran Ru\u017ei\u0107 was born on 26<sup>th<\/sup> of August 1986 in Rijeka. Since the earliest age, he shows tendency to painting, but during high school education he takes up on different kind of art \u2013 music. Ru\u017ei\u0107 starts to play the bass guitar and is generally self-taught, only formal education being attendance of K\u00e4rtner Landeskonservatorium in Klagenfurt during 2009.<\/p>\n<p>During that period he starts to play the double bass and only three years later, in 2012, Ru\u017ei\u0107 is awarded with Status for the best jazz bass and double bass player. For a several years he plays in jazz projects of eminent Croatian musicians, such as Darko Jurkovi\u0107 Charlie, Branimir Gazdik, Marko Ramljak, Zvjezdan Ru\u017ei\u0107, Goran Kon\u010dar, Marko Tolja, Elvis Stani\u0107, Voices of Nature, etc.<\/p>\n<\/div><\/div><\/div><\/div><div id=\"pgc-60-1-1\"  class=\"panel-grid-cell\" ><div id=\"panel-60-1-1-0\" class=\"so-panel widget widget_black-studio-tinymce widget_black_studio_tinymce panel-first-child panel-last-child\" data-index=\"2\" ><div class=\"panel-widget-style panel-widget-style-for-60-1-1-0\" ><div class=\"textwidget\"><p>After several years of playing in different projects, Ru\u017ei\u0107 enters the new era in his musical story by publishing his first album, Night Speaking, in 2015. \u00a0His work inspires him and takes him on some new, yet undiscovered paths, so in 2016 he creates a new project, Spiritual Market, in which he combines jazz music and art movie. In that movie he had a role both as an actor and a co-writer.<\/p>\n<p>Quality of the album is recognized by the profession so Ru\u017ei\u0107 gets nominated for Porin in two categories \u2013 the best jazz composition and the best jazz album, taking home the award for the best jazz album. With goal to combine different kinds of art with music on each project, in 2019 he publishes his third album, Libertin, where he combines music and contemporary dance.<\/p>\n<\/div><\/div><\/div><\/div><div id=\"pgc-60-1-2\"  class=\"panel-grid-cell\" ><div id=\"panel-60-1-2-0\" class=\"so-panel widget widget_black-studio-tinymce widget_black_studio_tinymce panel-first-child panel-last-child\" data-index=\"3\" ><div class=\"panel-widget-style panel-widget-style-for-60-1-2-0\" ><div class=\"textwidget\"><p>Along with playing professionaly, since 2010 Ru\u017ei\u0107 uses painting brush more and more often. In 2013 he enters Academy of Applied Arts in Rijeka, course painting, and finishes studies in 2018 with final paper on the subject 'Combining Music and Painting'. Painting music through abstract form is the direction in which Ru\u017ei\u0107's painting is developing.<\/p>\n<p>Recently he also started to create sculptures inspired by music. For the last few years he held exhibitions in many galleries all over Croatia and in Europe, while some of the sculptures are set as permanent exhibits in Opatija.<\/p>\n<\/div><\/div><\/div><\/div><\/div><\/div><div id=\"pg-60-2\"  class=\"panel-grid panel-has-style\" ><div class=\"panel-row-style panel-row-style-for-60-2\" ><div id=\"pgc-60-2-0\"  class=\"panel-grid-cell\" ><div id=\"panel-60-2-0-0\" class=\"so-panel widget widget_black-studio-tinymce widget_black_studio_tinymce panel-first-child panel-last-child\" data-index=\"4\" ><div class=\"textwidget\"><p><!-- Final Tiles Grid Gallery for WordPress v3.4.20 free --><style>#ftg-1010 .tile .icon { color:#ffffff; }#ftg-1010 .ftg-items .loading-bar i { background:#666; }#ftg-1010 .ftg-items .loading-bar { background:#fff; }#ftg-1010 .tile .icon { font-size:12px; }#ftg-1010 .tile .icon { margin: -6px 0 0 -6px; }#ftg-1010 .tile .caption-block .text-wrapper span.text { font-size:12px; }#ftg-1010 .tile .caption-block .text-wrapper span.title { font-size:14px; }#ftg-1010 .tile { background-color: transparent; }#ftg-1010 .tile .caption-block .text-wrapper span.text { color: #ffffff; }#ftg-1010 .tile .caption-block .text-wrapper span.title { color: #ffffff; }#ftg-1010 .tile .ftg-social a { color: #ffffff; }#ftg-1010 .tile .caption-block { transition-duration:0.25s; }#ftg-1010 .tile .tile-inner:before { background-color: #000000; }#ftg-1010 .tile .tile-inner:before { background-color: rgba(0, 0, 0, 0.8); }#ftg-1010 .tile:hover img {-moz-transform: ;-webkit-transform: ;-o-transform: ;-ms-transform: ;transform: ;}<\/style><a name='10'><\/a><div class='final-tiles-gallery  ftg-hover-enabled  caption-none caption-middle caption-center' id='ftg-1010' style='width:100%'><div class='ftg-items'><div class='loading-bar'><i><\/i><\/div><div  class='tile ftg-preload  '><a title=\"\" data-lightbox='ftg-1010' rel='ftg-1010'  class=' tile-inner  ftg-lightbox' href='https:\/\/vedranruzic.com\/wp-content\/uploads\/2019\/12\/vedran-ruzic-biografija.jpg' ><img alt='' class='item skip-lazy' data-class='item' data-ftg-source='http:\/\/vedranruzic.com\/wp-content\/uploads\/2019\/12\/vedran-ruzic-biografija.jpg' src='http:\/\/vedranruzic.com\/wp-content\/uploads\/2019\/12\/vedran-ruzic-biografija.jpg' width='680' height='530' \/><\/a><div class='ftg-social'><\/div><\/div><div  class='tile ftg-preload  '><a title=\"\" data-lightbox='ftg-1010' rel='ftg-1010'  class=' tile-inner  ftg-lightbox' href='https:\/\/vedranruzic.com\/wp-content\/uploads\/2019\/12\/vedran-ruzic-sculpture.jpg' ><img alt='' class='item skip-lazy' data-class='item' data-ftg-source='http:\/\/vedranruzic.com\/wp-content\/uploads\/2019\/12\/vedran-ruzic-sculpture.jpg' src='http:\/\/vedranruzic.com\/wp-content\/uploads\/2019\/12\/vedran-ruzic-sculpture.jpg' width='680' height='530' \/><\/a><div class='ftg-social'><\/div><\/div><\/div><\/div><script type='text\/javascript'>jQuery('#ftg-1010 img.item').removeAttr('src');jQuery(document).ready(function () {setTimeout(function () {jQuery('#ftg-1010').finalTilesGallery({minTileWidth: 250,margin: 5,loadMethod: 'sequential',nonce: '69614011e2',galleryId: '10',setupFilters: true,layout: 'columns',debug: false,gridSize: 25,disableGridSizeBelow:800,allowEnlargement: true,columns: [[4000, 2],[1024, 4],[800, 3],[480, 3],[320, 2]],selectedFilter: 'n-a'});jQuery(function () {(function () {var rel = '';jQuery('#ftg-1010 .ftg-lightbox').click(function (e) {rel = jQuery(this).attr('rel');jQuery('#ftg-1010 .ftg-current').removeClass('ftg-current');jQuery('#ftg-1010 [rel=\"'+rel+'\"]').addClass('ftg-current');});})();});}, 0);});<\/script><\/p>\n<\/div><\/div><\/div><\/div><\/div><div id=\"pg-60-3\"  class=\"panel-grid panel-has-style\" ><div class=\"panel-row-style panel-row-style-for-60-3\" ><div id=\"pgc-60-3-0\"  class=\"panel-grid-cell\" ><div id=\"panel-60-3-0-0\" class=\"so-panel widget widget_black-studio-tinymce widget_black_studio_tinymce panel-first-child panel-last-child\" data-index=\"5\" ><div class=\"textwidget\"><p style=\"text-align: center;\"><strong>Photo thanks to:<\/strong> Anita Nadj, Jelena Vlahovi\u0107, Ira&amp;John, Nata\u0161a Alavanja<\/p>\n<\/div><\/div><\/div><\/div><\/div><\/div>","protected":false},"excerpt":{"rendered":"<p>&#8220;The goal of connecting music and painting is the result of awakening the same feelings in us when we listening to music or watching a work of art.&#8221; Vedran Ru\u017ei\u0107 was born on 26th of August 1986 in Rijeka. Since the earliest age, he shows tendency to painting, but during high school education he takes&#8230;<\/p>\n","protected":false},"author":1,"featured_media":0,"parent":0,"menu_order":0,"comment_status":"closed","ping_status":"closed","template":"","meta":[],"_links":{"self":[{"href":"https:\/\/vedranruzic.com\/en\/wp-json\/wp\/v2\/pages\/60"}],"collection":[{"href":"https:\/\/vedranruzic.com\/en\/wp-json\/wp\/v2\/pages"}],"about":[{"href":"https:\/\/vedranruzic.com\/en\/wp-json\/wp\/v2\/types\/page"}],"author":[{"embeddable":true,"href":"https:\/\/vedranruzic.com\/en\/wp-json\/wp\/v2\/users\/1"}],"replies":[{"embeddable":true,"href":"https:\/\/vedranruzic.com\/en\/wp-json\/wp\/v2\/comments?post=60"}],"version-history":[{"count":5,"href":"https:\/\/vedranruzic.com\/en\/wp-json\/wp\/v2\/pages\/60\/revisions"}],"predecessor-version":[{"id":1224,"href":"https:\/\/vedranruzic.com\/en\/wp-json\/wp\/v2\/pages\/60\/revisions\/1224"}],"wp:attachment":[{"href":"https:\/\/vedranruzic.com\/en\/wp-json\/wp\/v2\/media?parent=60"}],"curies":[{"name":"wp","href":"https:\/\/api.w.org\/{rel}","templated":true}]}}

<div id="pl-60"  class="panel-layout" ><div id="pg-60-0"  class="panel-grid panel-has-style" ><div class="panel-row-style panel-row-style-for-60-0" ><div id="pgc-60-0-0"  class="panel-grid-cell panel-grid-cell-empty" ></div><div id="pgc-60-0-1"  class="panel-grid-cell panel-grid-cell-mobile-last" ><div id="panel-60-0-1-0" class="so-panel widget widget_black-studio-tinymce widget_black_studio_tinymce panel-first-child panel-last-child" data-index="0" ><div class="textwidget"><h4 style="text-align: center;"><em>"The goal of connecting music and painting is the result of awakening the same feelings in us when we listening to music or watching a work of art."</em></h4>
</div></div></div><div id="pgc-60-0-2"  class="panel-grid-cell panel-grid-cell-empty" ></div></div></div><div id="pg-60-1"  class="panel-grid panel-has-style" ><div class="siteorigin-panels-stretch panel-row-style panel-row-style-for-60-1" data-stretch-type="full" ><div id="pgc-60-1-0"  class="panel-grid-cell" ><div id="panel-60-1-0-0" class="so-panel widget widget_black-studio-tinymce widget_black_studio_tinymce panel-first-child panel-last-child" data-index="1" ><div class="panel-widget-style panel-widget-style-for-60-1-0-0" ><div class="textwidget"><p>Vedran Ružić was born on 26<sup>th</sup> of August 1986 in Rijeka. Since the earliest age, he shows tendency to painting, but during high school education he takes up on different kind of art – music. Ružić starts to play the bass guitar and is generally self-taught, only formal education being attendance of Kärtner Landeskonservatorium in Klagenfurt during 2009.</p>
<p>During that period he starts to play the double bass and only three years later, in 2012, Ružić is awarded with Status for the best jazz bass and double bass player. For a several years he plays in jazz projects of eminent Croatian musicians, such as Darko Jurković Charlie, Branimir Gazdik, Marko Ramljak, Zvjezdan Ružić, Goran Končar, Marko Tolja, Elvis Stanić, Voices of Nature, etc.</p>
</div></div></div></div><div id="pgc-60-1-1"  class="panel-grid-cell" ><div id="panel-60-1-1-0" class="so-panel widget widget_black-studio-tinymce widget_black_studio_tinymce panel-first-child panel-last-child" data-index="2" ><div class="panel-widget-style panel-widget-style-for-60-1-1-0" ><div class="textwidget"><p>After several years of playing in different projects, Ružić enters the new era in his musical story by publishing his first album, Night Speaking, in 2015.  His work inspires him and takes him on some new, yet undiscovered paths, so in 2016 he creates a new project, Spiritual Market, in which he combines jazz music and art movie. In that movie he had a role both as an actor and a co-writer.</p>
<p>Quality of the album is recognized by the profession so Ružić gets nominated for Porin in two categories – the best jazz composition and the best jazz album, taking home the award for the best jazz album. With goal to combine different kinds of art with music on each project, in 2019 he publishes his third album, Libertin, where he combines music and contemporary dance.</p>
</div></div></div></div><div id="pgc-60-1-2"  class="panel-grid-cell" ><div id="panel-60-1-2-0" class="so-panel widget widget_black-studio-tinymce widget_black_studio_tinymce panel-first-child panel-last-child" data-index="3" ><div class="panel-widget-style panel-widget-style-for-60-1-2-0" ><div class="textwidget"><p>Along with playing professionaly, since 2010 Ružić uses painting brush more and more often. In 2013 he enters Academy of Applied Arts in Rijeka, course painting, and finishes studies in 2018 with final paper on the subject 'Combining Music and Painting'. Painting music through abstract form is the direction in which Ružić's painting is developing.</p>
<p>Recently he also started to create sculptures inspired by music. For the last few years he held exhibitions in many galleries all over Croatia and in Europe, while some of the sculptures are set as permanent exhibits in Opatija.</p>
</div></div></div></div></div></div><div id="pg-60-2"  class="panel-grid panel-has-style" ><div class="panel-row-style panel-row-style-for-60-2" ><div id="pgc-60-2-0"  class="panel-grid-cell" ><div id="panel-60-2-0-0" class="so-panel widget widget_black-studio-tinymce widget_black_studio_tinymce panel-first-child panel-last-child" data-index="4" ><div class="textwidget"><p><!-- Final Tiles Grid Gallery for WordPress v3.4.20 free --><style>#ftg-1010 .tile .icon { color:#ffffff; }#ftg-1010 .ftg-items .loading-bar i { background:#666; }#ftg-1010 .ftg-items .loading-bar { background:#fff; }#ftg-1010 .tile .icon { font-size:12px; }#ftg-1010 .tile .icon { margin: -6px 0 0 -6px; }#ftg-1010 .tile .caption-block .text-wrapper span.text { font-size:12px; }#ftg-1010 .tile .caption-block .text-wrapper span.title { font-size:14px; }#ftg-1010 .tile { background-color: transparent; }#ftg-1010 .tile .caption-block .text-wrapper span.text { color: #ffffff; }#ftg-1010 .tile .caption-block .text-wrapper span.title { color: #ffffff; }#ftg-1010 .tile .ftg-social a { color: #ffffff; }#ftg-1010 .tile .caption-block { transition-duration:0.25s; }#ftg-1010 .tile .tile-inner:before { background-color: #000000; }#ftg-1010 .tile .tile-inner:before { background-color: rgba(0, 0, 0, 0.8); }#ftg-1010 .tile:hover img {-moz-transform: ;-webkit-transform: ;-o-transform: ;-ms-transform: ;transform: ;}</style><a name='10'></a><div class='final-tiles-gallery  ftg-hover-enabled  caption-none caption-middle caption-center' id='ftg-1010' style='width:100%'><div class='ftg-items'><div class='loading-bar'><i></i></div><div  class='tile ftg-preload  '><a title="" data-lightbox='ftg-1010' rel='ftg-1010'  class=' tile-inner  ftg-lightbox' href='https://vedranruzic.com/wp-content/uploads/2019/12/vedran-ruzic-biografija.jpg' ><img alt='' class='item skip-lazy' data-class='item' data-ftg-source='http://vedranruzic.com/wp-content/uploads/2019/12/vedran-ruzic-biografija.jpg' src='http://vedranruzic.com/wp-content/uploads/2019/12/vedran-ruzic-biografija.jpg' width='680' height='530' /></a><div class='ftg-social'></div></div><div  class='tile ftg-preload  '><a title="" data-lightbox='ftg-1010' rel='ftg-1010'  class=' tile-inner  ftg-lightbox' href='https://vedranruzic.com/wp-content/uploads/2019/12/vedran-ruzic-sculpture.jpg' ><img alt='' class='item skip-lazy' data-class='item' data-ftg-source='http://vedranruzic.com/wp-content/uploads/2019/12/vedran-ruzic-sculpture.jpg' src='http://vedranruzic.com/wp-content/uploads/2019/12/vedran-ruzic-sculpture.jpg' width='680' height='530' /></a><div class='ftg-social'></div></div></div></div><script type='text/javascript'>jQuery('#ftg-1010 img.item').removeAttr('src');jQuery(document).ready(function () {setTimeout(function () {jQuery('#ftg-1010').finalTilesGallery({minTileWidth: 250,margin: 5,loadMethod: 'sequential',nonce: '69614011e2',galleryId: '10',setupFilters: true,layout: 'columns',debug: false,gridSize: 25,disableGridSizeBelow:800,allowEnlargement: true,columns: [[4000, 2],[1024, 4],[800, 3],[480, 3],[320, 2]],selectedFilter: 'n-a'});jQuery(function () {(function () {var rel = '';jQuery('#ftg-1010 .ftg-lightbox').click(function (e) {rel = jQuery(this).attr('rel');jQuery('#ftg-1010 .ftg-current').removeClass('ftg-current');jQuery('#ftg-1010 [rel="'+rel+'"]').addClass('ftg-current');});})();});}, 0);});</script></p>
</div></div></div></div></div><div id="pg-60-3"  class="panel-grid panel-has-style" ><div class="panel-row-style panel-row-style-for-60-3" ><div id="pgc-60-3-0"  class="panel-grid-cell" ><div id="panel-60-3-0-0" class="so-panel widget widget_black-studio-tinymce widget_black_studio_tinymce panel-first-child panel-last-child" data-index="5" ><div class="textwidget"><p style="text-align: center;"><strong>Photo thanks to:</strong> Anita Nadj, Jelena Vlahović, Ira&amp;John, Nataša Alavanja</p>
</div></div></div></div></div></div>

<p>&#8220;The goal of connecting music and painting is the result of awakening the same feelings in us when we listening to music or watching a work of art.&#8221; Vedran Ružić was born on 26th of August 1986 in Rijeka. Since the earliest age, he shows tendency to painting, but during high school education he takes&#8230;</p>
